e prime factors of 223188919?
9013, 24763
What are the prime factors of 29231321?
7, 23, 47, 3863
List the prime factors of 75014963.
127, 590669
List the prime factors of 121217829.
3, 907, 44549
List the prime factors of 390424738.
2, 11, 29, 611951
What are the prime factors of 727813580?
2, 5, 13, 29, 96527
What are the prime factors of 43671284?
2, 10917821
List the prime factors of 66896089.
13, 43, 119671
What are the prime factors of 7660321?
29, 43, 6143
List the prime factors of 175789814.
2, 179, 317, 1549
List the prime factors of 1628074.
2, 7, 37, 449
List the prime factors of 80656955.
5, 97, 166303
List the prime factors of 5025832.
2, 7, 12821
List the prime factors of 245245834.
2, 122622917
List the prime factors of 356474.
2, 137, 1301
List the prime factors of 13391753.
13391753
List the prime factors of 474189845.
5, 94837969
List the prime factors of 14805137.
1987, 7451
What are the prime factors of 159771975?
3, 5, 11, 193663
What are the prime factors of 22126539?
3, 7375513
What are the prime factors of 44141670?
2, 3, 5, 490463
List the prime factors of 56569031.
56569031
List the prime factors of 214544911.
7, 181, 313, 541
List the prime factors of 1634612983.
2377, 687679
List the prime factors of 182908637.
241, 758957
What are the prime factors of 201998082?
2, 3, 11, 13, 19, 12391
What are the prime factors of 880786295?
5, 37, 4761007
What are the prime factors of 29094930?
2, 3, 5, 197, 547
List the prime factors of 1446580921.
73, 19816177
List the prime factors of 926177945.
5, 7, 11, 61, 113, 349
List the prime factors of 57380012.
2, 14345003
What are the prime factors of 668467352?
2, 7, 97, 109, 1129
What are the prime factors of 1647797625?
3, 5, 23, 43, 1481
What are the prime factors of 2508139108?
2, 627034777
List the prime factors of 96259855.
5, 19251971
What are the prime factors of 95312462?
2, 7, 571, 11923
What are the prime factors of 2617179084?
2, 3, 13, 691, 8093
What are the prime factors of 334128260?
2, 5, 1951, 8563
List the prime factors of 15356560.
2, 5, 19, 10103
List the prime factors of 123921425.
5, 4956857
What are the prime factors of 1212957865?
5, 7, 37, 936647
What are the prime factors of 26985981?
3, 11, 817757
List the prime factors of 59850089.
13, 61, 71, 1063
What are the prime factors of 9350038?
2, 1321, 3539
What are the prime factors of 4105748?
2, 19, 89, 607
What are the prime factors of 176106125?
5, 13, 29, 37, 101
List the prime factors of 68254214.
2, 7, 199, 24499
What are the prime factors of 2858980?
2, 5, 142949
What are the prime factors of 1959764273?
2179, 899387
List the prime factors of 489311886.
2, 3, 7, 11650283
List the prime factors of 25016272.
2, 23, 67979
What are the prime factors of 447216534?
2, 3, 24845363
List the prime factors of 18816996.
2, 3, 11, 142553
List the prime factors of 2519228709.
3, 23, 79, 17117
List the prime factors of 81904167.
3, 383, 23761
What are the prime factors of 628789137?
3, 37, 59, 96013
What are the prime factors of 410366455?
5, 82073291
What are the prime factors of 362077890?
2, 3, 5, 12069263
List the prime factors of 3353577119.
3353577119
What are the prime factors of 32681803?
7, 11, 17, 24967
List the prime factors of 831656107.
193, 631, 6829
List the prime factors of 22188173.
7, 3169739
What are the prime factors of 3146712104?
2, 17, 23137589
What are the prime factors of 2451539700?
2, 3, 5, 2723933
List the prime factors of 977796182.
2, 11, 44445281
List the prime factors of 62571622.
2, 43, 727577
List the prime factors of 47683193.
47683193
List the prime factors of 2245654433.
11, 204150403
List the prime factors of 34451762.
2, 17225881
What are the prime factors of 19667844?
2, 3, 7, 17, 4591
List the prime factors of 12620870.
2, 5, 1262087
List the prime factors of 25199409.
3, 2579, 3257
List the prime factors of 143133874.
2, 13, 73, 5801
List the prime factors of 476715943.
11, 131, 330823
What are the prime factors of 776489581?
7, 31, 3578293
What are the prime factors of 5169331940?
2, 5, 11779, 21943
List the prime factors of 1329343972.
2, 11, 23, 359, 3659
List the prime factors of 1786879479.
3, 7, 11, 63929
What are the prime factors of 846523817?
846523817
List the prime factors of 3498580272.
2, 3, 11, 67, 98897
List the prime factors of 4868268282.
2, 3, 270459349
List the prime factors of 248140336.
2, 15508771
What are the prime factors of 528510930?
2, 3, 5, 1193, 14767
What are the prime factors of 52315974?
2, 3, 2906443
What are the prime factors of 166107349?
2179, 76231
List the prime factors of 55923215.
5, 53, 281, 751
List the prime factors of 9523454.
2, 4761727
List the prime factors of 136869719.
7, 257, 76081
List the prime factors of 146254091.
167, 875773
What are the prime factors of 103248228?
2, 3, 31, 277549
What are the prime factors of 17140764?
2, 3, 761, 1877
What are the prime factors of 389069095?
5, 3271, 23789
List the prime factors of 48115379.
13, 23, 29, 31, 179
What are the prime factors of 143077819?
127, 1126597
What are the prime factors of 1054808672?
2, 32962771
What are the prime factors of 566297425?
5, 22651897
List the prime factors of 253946237.
253946237
What are the prime factors of 351645956?
2, 2777, 31657
List the prime factors of 111311187.
3, 13, 41, 67, 1039
What are the prime factors of 109008013?
29, 293, 12829
List the prime factors of 1753587455.
5, 350717491
List the prime factors of 1753136545.
5, 311, 457, 2467
List the prime factors of 545646362.
2, 89, 281, 10909
List the prime factors of 186103844.
2, 46525961
What are the prime factors of 200942994?
2, 3, 7, 673, 7109
What are the prime factors of 24299165?
5, 11, 107, 4129
List the prime factors of 5950896.
2, 3, 7, 89, 199
What are the prime factors of 884385763?
31, 97, 491, 599
What are the prime factors of 607955939?
19, 97, 329873
List the prime factors of 192019857.
3, 73, 12011
List the prime factors of 627733842.
2, 3, 79, 809, 1637
What are the prime factors of 44294967?
3, 61, 80683
What are the prime factors of 392261968?
2, 7, 379, 9241
What are the prime factors of 31268717?
107, 292231
What are the prime factors of 55944255?
3, 5, 443, 8419
List the prime factors of 5676065310.
2, 3, 5, 29, 6524213
What are the prime factors of 896340736?
2, 3501331
List the prime factors of 89179369.
19, 4693651
What are the prime factors of 226087040?
2, 5, 457, 773
What are the prime factors of 1733791728?
2, 3, 36120661
List the prime factors of 63681780.
2, 3, 5, 1061363
What are the prime factors of 131094092?
2, 47, 193, 3613
List the prime factors of 163438703.
19, 61, 83, 1699
List the prime factors of 11999931.
3, 1117, 3581
List the prime factors of 11479066.
2, 83, 69151
List the prime factors of 4012685.
5, 653, 1229
What are the prime factors of 331165123?
29, 11419487
What are the prime factors of 21369600?
2, 3, 5, 7, 53
What are the prime factors of 333281170?
2, 5, 157, 212281
What are the prime factors of 1301535854?
2, 650767927
What are the prime factors of 8779681647?
3, 11, 23, 29, 31, 4289
List the prime factors of 2198994028.
2, 7, 11, 23, 43, 7219
List the prime factors of 4178945217.
3, 1392981739
List the prime factors of 237882098.
2, 139, 577, 1483
List the prime factors of 227107765.
5, 2281, 19913
List the prime factors of 47362572.
2, 3, 1315627
What are the prime factors of 177985107?
3, 732449
List the prime factors of 63073850.
2, 5, 7, 180211
List the prime factors of 119466253.
119466253
List the prime factors of 337688896.
2, 229, 23041
List the prime factors of 265923934.
2, 132961967
List the prime factors of 2558904710.
2, 5, 41, 109, 57259
What are the prime factors of 56315892?
2, 3, 53, 88547
What are the prime factors of 85899456?
2, 3, 19, 47, 167
List the prime factors of 2212121827.
29, 587, 4481
What are the prime factors of 72501241?
37, 109, 17977
What are the prime factors of 132684145?
5, 11, 2412439
What are the prime factors of 1514675336?
2, 29, 89, 109, 673
What are the prime factors of 18901537?
31, 127, 4801
What are the prime factors of 738600245?
5, 147720049
What are the prime factors of 455401189?
47, 9689387
List the prime factors of 284810117.
284810117
List the prime factors of 86470648.
2